
8
Evaluate -14 + 1 + -1 + -1 + (567 - 566).
-14
Calculate -15 + (12 + 3 - 9).
-9
What is the value of (13 - 10) + (-37 - -31)?
-3
-18 + (22 - 4 - 4)
-4
Calculate 9 + 1 + (5 - 14) + (-21 - -24).
4
What is the value of 10 - (-8 - (-3 + -13))?
2
Calculate -12 + (25 - (-5 + 9)).
9
What is the value of -8 + -16 + 13 + -3 + -3?
-17
What is the value of -17 + 2 + (3 - (-43 - -3))?
28
(51 - (19 - -26)) + (2 - 1 - -4)
11
4 - (11 - 20 - -20)
-7
What is -36 + 44 - -3 - (0 + 5)?
6
What is (-3 - -6) + (2 - 5) - (25 + -4)?
-21
6 + 6 - (-8 + 32) - -12
0
What is -39 + 15 + (-44 - -78)?
10
Calculate (1 - 1) + (-3 - (-10 + 7 + 4)).
-4
Calculate 21 + (4 - 0) + (-1 - 8).
16
What is the value of -281 - -282 - (2 - 14)?
13
What is -21 + 13 + 1 - (2 + -6)?
-3
What is -8 - 2 - (-489 - -498)?
-19
Evaluate -306 + 291 - (2 - (2 - 9)).
-24
What is -2 + 0 + 8 + -6 + 8?
8
33 + (-6 - 43 - 17)
-33
What is 7 - (-8 + 1 + 13)?
1
What is the value of (5 - 11) + (-3 - (10 + -7) - 2)?
-14
32 - (0 - (-10 - (2 + 2 + -4)))
22
Evaluate -32 - -50 - (-5 + 1 - 1 - -1).
22
What is (15 + -16 - (-7 + -1 + -2)) + 7?
16
Calculate 10 + 2 - 3 - (-26 + 35).
0
What is the value of (-2 + 4 - 9) + 13?
6
What is 442 + -477 + (-1 - -34)?
-2
Evaluate -2 - (-3 + 1 - (12 - 11 - -5)).
6
Evaluate -19 - -7 - (-8 - (4 + (-8 - -3))).
-5
What is the value of -3 - (-25 - (6 + -38))?
-10
Evaluate -34 + 1 + (26 - (14 + 2)).
-23
What is the value of 54 + (-5 - 26) + 8?
31
What is (-10 - (-16 - 1)) + 21?
28
What is the value of 14 + -10 + (11 - (1 + 3)) - 2?
9
What is the value of 1 - 19 - (-20 - 5 - -18)?
-11
What is (11 - 22) + (6 - -1) - (-4 - -11)?
-11
Calculate 11 + 6 + -4 + (-10 - -11).
14
Evaluate 11 + (14 - 5 - 6) + -16 + 5.
3
Calculate -17 + 16 + (-2 - 2) + 6.
1
What is the value of 13 + -2 + (-33 - -18) + 18?
14
21 + 17 + -29 + 10
19
What is -15 + 7 - 1 - -13 - (2 + -7)?
9
Calculate 5 + (7 + (-3 - (1 - -4)) - 11).
-7
Evaluate -26 + -16 + 16 - -30.
4
What is the value of 23 - (-22 + 21) - 37?
-13
What is 3 + 3 - (-1 + 10 + -15)?
12
Calculate (18 - 0) + (-2 - (0 + 3)).
13
Evaluate -3 + 10 - (-13 + (2 - (-12 - -5))).
11
-20 - -1 - (-48 - -16)
13
What is (11 - 0) + (70 - 81)?
0
Evaluate 1 - ((51 - 47 - (12 + 0)) + 5).
4
Calculate 266 + -261 - (-13 - -1 - 0).
17
What is the value of (28 - 23) + 24 - 11?
18
Calculate -11 - (-11 + -5) - (-3 - (-2 - -22)).
28
What is -17 - (4 - (24 - (12 + -4)))?
-5
What is 62 + -56 + -4 + (1 - 3 - -9)?
9
What is 2 - (-1 + 5) - (58 + -40 + -19)?
-1
10 + (4 - -36) + -18
32
What is 5 - (-2 + 1 + 49 + -27)?
-16
What is the value of (-17 + -1 - (-23 + 15)) + 2?
-8
What is the value of (26 - 11) + -11 + 13?
17
Evaluate (-15 + 15 + (3 - 6) - -3) + -13.
-13
What is the value of 9 - ((0 - -27) + 2)?
-20
What is the value of 26 + (-5 - -12 - 7 - 7)?
19
Calculate -1 + 4 - (6 - (4 - -10)).
11
What is the value of (-3 - -1) + (-95 - -98) + 1?
2
(6 - 1) + -1 + -5 - -6
5
(6 - (-26 - 4)) + (4 - 14)
26
What is the value of 20 - (-4 + (-5 - -8)) - 8?
13
(6 - (0 + 4 + (8 - 19))) + 9
22
What is 9 + (1 - 7) - (11 + 2)?
-10
-506 + 505 + -2 + -18
-21
Calculate 9 + (20 - 2) + -11.
16
What is -2 + (5 - (-4 + -1)) + 1 + 5?
14
What is the value of 3 + (0 - (-3 + -4 - 8 - -5))?
13
What is the value of (1 - -5) + -2201 + 2173?
-22
What is (10 - 8) + 11 + (-5 - 1) + 5?
12
What is the value of 27 + -9 + -6 + -1 + 9 - 7?
13
What is (10 - -9 - 17) + (-6 - -1) - 13?
-16
31 + 18 + -54 + -1 + 1 + 3
-2
(18 - 35) + (3 - -1)
-13
Calculate (-9 - -20) + -22 + -4.
-15
9 + (14 - 6) + -12 + -1
4
Evaluate 6 - 0 - (-15 + 4 - -5).
12
What is the value of (-3 - 4) + 0 + (7 - (7 + -1))?
-6
Evaluate -5 + 1 + 51 + -33.
14
Calculate 7 + -1 - (51 + (-1 - 29)).
-15
Evaluate (2 + -8 - -13) + 0 + -9.
-2
Evaluate 1 + (-5 + -6 - (-18 - -7)).
1
Evaluate 11 - ((-15 - -19) + 27).
-20
Calculate 225 - 220 - (-12 - (-1 - 1)).
15
What is the value of (18 - (26 - (-2 + 15))) + 3?
8
Calculate 7 - ((-47 - -28) + 37).
-11
What is (6 + -5 - -7) + (-118 - -118)?
8
What is the value of 6 + -2 - (-3 - (8 + -8 - 6))?
1
What is (-19 - (30 - 62)) + -49?
-36
22 - 16 - (7 + (3 + -10 - -4))
2
What is -19 - (-3 + -13) - (1 + -4) - 2?
-2
Calculate 52 + -36 + (-16 - -3).
3
1 + (3 - 4) + (64 + -10 - 82)
-28
What is -11 + -1 + 8 + -9 + 6?
-7
Calculate 13 - (10 - 0 - (68 - 55)).
16
Evaluate (-3 - 0) + 28 + -20 + -11.
-6
Calculate -20 + 5 - -28 - 21.
-8
What is the value of 11 + -11 + -4 + 0 + -17 + -17?
-38
What is the value of 3 + -12 + 13 + -18 - (1 - 1)?
-14
What is the value of 8 - (9 + 18 - 3)?
-16
(49 - 6) + (-54 - 24)
-35
Calculate -2 + 32 + (53 - 71).
12
Calculate (-25 - -2 - 23) + 21.
-25
What is the value of 10 - (32 - (2 - -16)) - 4?
-8
What is -23 + (-21 - -30) - 8?
-22
What is the value of 1 + 0 - ((-4 - (8 - 5)) + 1)?
7
What is the value of (65 - (-24 - -66)) + -1 + (-1 - -13)?
34
Evaluate -3 + 0 + (0 - 5) + 1 - 6.
-13
-11 + 14 + -6 + -2
-5
What is 0 + -2 + -7 + 11 + 9?
11
Evaluate 18 - ((23 - -5) + 4).
-14
What is the value of 4 - (8 + -13 + 10)?
-1
Calculate 44 - 56 - (-32 - 1).
21
Evaluate 284 + -296 + 0 + 9 - (-1 + 0).
-2
-5 - 10 - (-108 - -92)
1
What is the value of (-1 - (1 - 1)) + 5 + (-307 - -305)?
2
What is the value of -13 + 26 + -24 + 8?
-3
Calculate -26 + 48 + -15 - -6.
13
Evaluate 6 - (3 + (9 - 0) - 3) - 4.
-7
What is the value of 28 - (25 - 15 - -15)?
3
-4 + 0 + -1 + -38 + 81 + -44
-6
Calculate 32 + -51 + (43 - 15) - (1 - 15).
23
-12 - (-29 - -13) - 2 - 12
-10
What is the value of 7 + -42 + (-22 - -54)?
-3
Evaluate 1 + (-3 - (3 - (2 + 1)) - -5).
3
What is 4019 - 4033 - (12 + 0 + -1)?
-25
Evaluate 0 - -1 - 17 - (2 + -8).
-10
-3 + 24 + (-41 - -26)
6
4 - 5 - (-23 - -27) - (4 - 10)
1
Evaluate 0 + 2 + -2 + (-12 - (3 + -11)).
-4
What is -1 + -12 + (5 - 12 - -44)?
24
What is the value of -8 + 5 + (-38 - -33)?
-8
(-9 - -10) + (38 - 43)
-4
-1 - 2 - (-117 + 107)
7
Evaluate -8 - (-45 + 14) - 35.
-12
(7 + -3 - 5) + 1
0
Calculate -16 - ((-12 + 8 - -9) + -14).
-7
-1 - (-4 + (9 - 8) + -7 + 7)
2
What is the value of 9 + -12 + 5 - (-11 + (2 - 1))?
12
What is 5 - (10 - (-1 + 17))?
11
Evaluate (9 - (0 + 8 + -3)) + -2.
2
Calculate 1 - -28 - 41 - (0 + -7).
-5
What is 13 + (12 - 42) - -29?
12
What is (32 - 32 - (2 - 1)) + -7?
-8
Evaluate 13 + (-40 - 7) - -14.
-20
Evaluate 16 - (-2 - (6 - 12)).
12
Calculate 15 + (-48 - -28) + -10.
-15
Evaluate 13 + ((-9 - -2) + -14 - -7).
-1
Evaluate 3 - 10 - (-4 + 1 + -3).
-1
Evaluate 33 - (29 + 36 + -47).
15
What is the value of -13 - (-30 - -28 - (2 + -1))?
-10
-5 - (0 + 1 + (-2 - -10))
-14
What is 18 + -29 + (8 - -8)?
5
What is the value of (-4 + -17 - 4) + 0 + 9?
-16
5 + -20 + 25 + 7
17
-13 - -2 - (-163 + 139)
13
What is the value of 11 + 13 + (-2 - 7) + (0 - 0)?
15
What is (-6 - 9) + (-2 - 1 - (10 - 14))?
-14
6 + (1 - (-4 - -10) - (1 - 1))
1
What is the value of (-12 - 7) + 5 + 0?
-14
Calculate 0 + (-3 - (5 - 18)) + (43 - 83).
-30
-26 + -25 + 22 + 4
-25
-4 - (43 + -15 + -15 + -7)
-10
What is (9 - 1) + 18 + (-55 - (0 + -8))?
-21
What is the value of (32 - -1) + -18 + -2 + 20?
33
Calculate (-326 - -314) + -2 + 3 + 6.
-5
Evaluate (-2 + 34 - ((56 - 33) + -11)) + 7.
27
-11 + 1 + (-3 + 1 - -12 - 10)
-10
Calculate -7 - -16 - (26 - (-14 + 10)).
-21
Evaluate 1 - ((-28 - -16) + 24).
-11
Evaluate 16 + -28 + 15 - 11.
-8
20 + (-9 - (-11 + 8)) + 0 + -1
13
3 + -1 + (3 + (3 - 3) - -4)
9
Evaluate 0 - (2 - (-13 - -17)).
2
What is (8 - (7 - 10 - -10)) + 0 + 11?
12
What is the value of 4 - (-5 - (-11 + (15 - 7)))?
6
Calculate -15 - (6 - -4 - (-2 + 4)).
-23
1 + -1 - (20 - (17 + 2 + -7))
-8
What is (9 - (17 + -32)) + -6 - -12?
30
Calculate 23 + -1 + -4 + (-15 - (-21 - 2)).
26
2 + 1 - (-3 - (-16 - -3))
-7
Evaluate 4 + (12 + -4 - 10).
2
Evaluate -3 + (-13 - ((-2 - 12) + 10)).
-12
What is -16 - (-1 + 2 - (3 - -6))?
-8
Calculate 4 - ((-1 - (1 + -2)) + -423 + 422).
5
What is the value of 0 + (-7 - -19 - 1) - 25?
-14
-1 + (4 - 13) + -12 + 14
-8
What is (-924 - -918) + 1 + 10?
5
Calculate -3 - 8 - ((5 - 7) + -10).
1
Evaluate (16 + -7 - (0 + 11)) + 9 + -1.
6
What is (4 - 3) + (-9 - -19 - 10)?
1
3 - (-4 - (-10 + 8) - (1 - 1))
5
What is (-4 + 1 - -6 - 7 - 0) + 19?
15
14 + (33 - 32) + 1 + -3
13
-34 + 22 + 14 - 0
2
Calculate 0 + -33 - (-23 + (4 - 23 - -42)).
-33
What is 3 - (11 - (-7 - (-2 + -6 + 3)))?
-10
Evaluate -6 + -3 - 4 - (-84 + 91).
-20